 = -v*d, d + 5*q - 2 = -25. Let n = d + 86. Is n a prime number?
False
Let z be (-28)/112 + (3570/8 - -2). Suppose 21*r = -49 + z. Is r prime?
True
Let l = -38854 - -61623. Is l a composite number?
False
Let p(i) = -2*i - 42. Let t be p(-21). Let w be (-1 + t)*(-456 + 7). Is (w/4)/(115/(-20) + 6) prime?
True
Suppose 5*l - 30 = 3*f, -l + 18 = -3*f - 0*f. Let m be (-12)/(-10) - l/15. Is (-7)/((-28)/6987) + m/4 a prime number?
True
Let p be (-70)/(-8) + 2/8. Let n(a) = -43*a**3 - 2*a - 49. Let d be n(-5). Suppose p*h - d = h. Is h prime?
False
Let z = 33 - 33. Suppose 2*t + 6*t = z. Suppose -4*r - 3*c + 1205 = t, 3*c - 2*c - 3 = 0. Is r prime?
False
Suppose 505928 + 1975615 = 42*p - 15*p. Is p composite?
False
Let z = -28015 - -60486. Is z prime?
False
Suppose 0 = -345*q + 31002790 + 5473025. Is q a composite number?
False
Let k(w) = 7*w - 12. Let x be k(0). Let m = -24 - x. Is 1*2524/m*-3 composite?
False
Let w(y) = -y + 4. Let m be w(1). Suppose -h + 2899 = n, -m*n = -3*h + 833 + 7864. Is h prime?
False
Let x(b) be the second derivative of -2315*b**3/6 - 10*b**2 - 19*b. Let f be x(-10). Suppose f - 60600 = -10*j. Is j a prime number?
False
Suppose -4*n = 4*u + 4 + 4, 2*u + 12 = -4*n. Let y(w) = 12*w**2 - w + 4 - u + 5 + 2. Is y(-6) composite?
True
Let s = -575 - 4376. Let u = 7344 + s. Is u a composite number?
False
Let j = 611 + -1147. Suppose 36*t - 5817 = 3*a + 39*t, 5*a - 5*t + 9755 = 0. Let p = j - a. Is p composite?
False
Suppose -2*x = -4*o + 2*o + 37388, -5*x + 18700 = o. Let a = o + -1278. Is a prime?
True
Let u(o) be the second derivative of o**3/2 - 2*o**2 - 11*o. Let z be u(3). Suppose -z = -5*j, -3*p - 2*j + 2878 = 983. Is p prime?
True
Let h = -462 - -458. Is 1 - (50424/(-2 + -2) + h) composite?
False
Suppose 2*w - 54474 = -4*x, -2*w + 3 = -5*w. Is x a prime number?
True
Let a be (222/4)/((-76)/(-16720)). Suppose 22*p - 21032 = a. Is p a composite number?
False
Let u = 2795 + 304. Suppose 0 = -3*v - 3*n + u, -v = 3*n - 451 - 580. Let h = v + -157. Is h prime?
True
Suppose -14160 - 1182 = -6*t. Let d = t + -800. Is d prime?
False
Let l(t) = -11*t - 22 + 29*t + 11*t**2 - 40 - 7*t. Is l(7) a prime number?
False
Suppose x + 2 = 0, s = 4*s - 2*x + 158. Let f = s + 40. Is (-4)/f + (-62124)/(-28) composite?
True
Let a = 163254 + -74791. Is a a composite number?
False
Suppose -f - 11 = -4*v, -f + 3*v - 42 = -4*f. Suppose 5*s = 2*s + 97764. Suppose -s = -13*a + f*a. Is a composite?
False
Let g(q) = 5589*q - 77. Let a be g(5). Let h = a - 18366. Is h composite?
True
Suppose 2*i - 5 - 15 = 0. Let u = i - 5. Suppose u*t = -799 + 2094. Is t prime?
False
Let z(q) = 55615*q - 737. Is z(8) prime?
False
Let t = -1604 - -2687. Suppose -t*z - 124808 = -1091*z. Is z composite?
False
Let q(m) = -15*m**2 + 10*m - 36. Let c be q(-20). Let v = c + 12637. Is v a prime number?
False
Suppose -46*v = 30*v - 10222290 + 1577366. Is v a composite number?
False
Suppose -224 = -5*r - 49. Let u be ((-40)/(-50))/(1/r). Let i = 125 - u. Is i composite?
False
Let p = 793 + -333. Suppose 488 = 3*a + 3*l - 193, -l = -2*a + p. Suppose a = d + 42. Is d composite?
True
Suppose -5*t = 5*w + 23145, -23185 = 5*w - 0*t - 3*t. Let q = w - -39133. Is q composite?
False
Suppose 31*h - 34*h + 15 = 0. Suppose 21295 = 2*z + 5*y, 9589 = -h*z + 3*y + 62811. Is z composite?
True
Suppose -2*q + 2336594 = -2*h - 253946, 5*q + 4*h - 6476287 = 0. Is q prime?
True
Let p be (5793 + 1)/((-6)/(6/(-2))). Suppose 16*c = 15*c + p. Is c composite?
False
Is (13 - (27 - 19))*(84913 + 0) composite?
True
Suppose 241*u - 239*u = 26582. Is u prime?
True
Suppose 430888 = 65*l - 528967. Is l a composite number?
False
Let l(h) be the second derivative of -79*h**3/2 + 20*h**2 + 6*h - 9. Is l(-9) a prime number?
False
Let v(i) = -17*i**2 + i + 68*i**2 + 3 + 2. Is v(-7) a prime number?
False
Suppose 45*b + 513092 = 11076527. Is b prime?
True
Suppose -2*l - 3*y = 30046, l - y + 2452 + 12566 = 0. Let a = l + 21183. Is a composite?
False
Let j be (7/(-5) + 1)*5. Let c be (1305/6 - j)/(1/24). Suppose -4*v + 0*v = -c. Is v prime?
False
Let c(d) = 2*d**3 + 58 + d - 21 - 4*d + d**2 - d**3. Is c(0) composite?
False
Let v = 2715 + 7186. Is v prime?
True
Suppose -3*m - 5*r = -12916, 0 = -4*m - 55*r + 53*r + 17240. Suppose 3*v - 5*l = 8669 + m, 5*l = 0. Is v a prime number?
True
Let t = -269 + 274. Suppose 3*m - 30865 = -2*r + 1398, 0 = -3*m - t*r + 32278. Is m prime?
False
Let n = 448 - 446. Suppose -6*h + 9*h = 0, 5*q - n*h = 11765. Is q a prime number?
False
Suppose -329904 = -10*l + 64186. Is l a composite number?
False
Let k = -261576 + 487723. Is k composite?
True
Let t(b) = 115164*b + 97. Is t(1) prime?
False
Suppose 1800*f - 1802*f = -n + 459383, 4*n - 1837514 = -f. Is n a composite number?
True
Let p be 33993/(-18)*(-6)/1. Suppose -11*q - p = -20*q. Is q prime?
True
Suppose -f + 104434 + 401420 = 3*p, -5*f + 2529257 = 2*p. Is f composite?
True
Let i(w) = 3*w**2 + 10*w - 43. Let q be i(3). Let g(m) = -m**3 + 17*m**2 - 17*m + 5. Is g(q) prime?
False
Suppose 4781 + 8139 = 8*a. Suppose -1301 = -2*m - i + a, i - 7293 = -5*m. Is m composite?
False
Let r = 369837 + 201496. Is r prime?
False
Let q = 66 - 63. Suppose -8*p - 12 = -4*p, -1056 = q*b - 2*p. Let m = 1496 + b. Is m a composite number?
True
Suppose -5*x + 3291 - 22046 = 0. Let q = -1091 - x. Is q/6 + (-10)/30 a prime number?
True
Is ((-881808)/3 - -2)/(-3) a prime number?
False
Let z be ((-160)/12)/((-4)/6). Let g(q) = -17 + 124*q + z*q - 18. Is g(8) a prime number?
True
Let v be 75/9 + 6/(-18). Suppose -j + 4*j - v = -2*m, 5*j = 0. Suppose -2*o - 142 = -2*q - 0*o, -m*o = q - 61. Is q a prime number?
False
Is (147 - 18145)*(-22)/4 a composite number?
True
Let q(d) = 263*d - 226. Let u be q(3). Is -9 + 14 + 28*u a composite number?
True
Let q = -117623 + 215089. Is q a prime number?
False
Let a = -12602 + 21745. Is a a prime number?
False
Let u be 2 - (-9 + 7 + -2*3). Let m(y) = 39*y**2 + 26*y - 151. Is m(u) a prime number?
False
Let z(t) = 558*t**2 + 217*t + 1585. Is z(-38) prime?
True
Suppose -148*i + 11145969 + 3240741 = -9250814. Is i composite?
True
Let v(o) = -217*o + 186. Let n(u) = -648*u + 556. Let j(x) = 2*n(x) - 7*v(x). Is j(3) composite?
False
Let a(r) = 595*r - 25. Suppose -3*i = -22 + 4. Is a(i) a prime number?
False
Suppose -10*k = 12*k + 1584. Let f = 491 + k. Is f a prime number?
True
Let s(m) = -47*m + 4. Let p be (-9)/6*(-20)/3. Suppose 0 = -5*u + 3*u - p. Is s(u) a composite number?
False
Let j(k) = 3*k**2 + 22*k + 16. Let m be j(-6). Is ((-4)/m)/(0 - 3/(-79302)) a prime number?
True
Let j(s) = -s**3 - 23*s**2 + 50*s + 5. Let b be j(-25). Let y(c) = 575*c**2 - 84*c + 2. Is y(b) a composite number?
True
Suppose -3*r + 123871 + 780667 = 36107. Is r a prime number?
True
Suppose 130*a - 15*a - 18065180 = -25*a. Is a a composite number?
False
Let z(s) = s**3 + 16*s**2 - 13*s + 79. Let u = 409 - 398. Is z(u) composite?
False
Let h = -103906 - -168349. Is h composite?
True
Suppose 106158 - 63285 = 5*a - 101072. Is a prime?
True
Let d = -60346 + 96839. Is d prime?
True
Suppose 7*o - 2*o + 4433 = -2*b, -b = 2*o + 1773. Let p = 1316 - o. Is p a prime number?
True
Suppose 9*i - 129756 = 7*i. Is ((-30)/12 - -3)/(3/i) prime?
False
Let k(p) = 3*p**3 - 54*p**2 + 94. Is k(28) a composite number?
True
Let z(n) = -2*n**2 - 25*n - 18. Let t be z(-19). Let y = t - -596. Is y a prime number?
True
Let v(i) = i**3 + i + 1. Let z(h) = -13*h**3 - h**2 - 21*h + 1. Let a(r) = -3*v(r) - z(r). Is a(5) a composite number?
False
Let g(p) = -81459*p + 11. Let u be g(-1). Suppose -21*m + 11*m + u = 0. Is m composite?
False
Suppose -5*j + 121102 - 1188432 = -5*b, -3*j = b - 213446. Is b a composite number?
False
Let s = 58833 + -10396. Is s composite?
False
Suppose -5*m + 1584 = -9786. Suppose -2*n = -3*y + 2878 - 629, -3*n + m = 3*y. Let i = y - 360. Is i composite?
True
Let b = -87 + 92. Let f(w) = 4*w**3 - 5*w**2 + 8*w - 21. Let l be f(b). Suppose -l - 85 = -g. Is g prime?
True
Suppose -6*j + 1188 = -384. Is j*11/(-3)*(-9)/6 a composite number?
True
Let f(t) = 88*t - 23. Let k(c) = -88*c + 24. Suppose 0 = -j - 46 + 40. Let d(z) = j*k(z) - 5*f(z). Is d(7) a prime number?
True
Let g be (116/87)/(1*1/6). Let i(p) = 125*p + 11. Let b be i(g). Let x = b + -454. Is x a co